 - p - 4 - 13. Let x(m) = -1 - m + s*m**2 - 4*m**2 + 5*m**2. List the prime factors of x(-1).
3
Let x = -570 + 934. List the prime factors of x.
2, 7, 13
Let g(h) = 45*h**2 - 4*h - 2. List the prime factors of g(-1).
47
List the prime factors of -1*3*(-4 - 3).
3, 7
List the prime factors of (-6)/15 + 516/15.
2, 17
Let b = -246 + 620. What are the prime factors of b?
2, 11, 17
Suppose -3*k - 4*n - 31 = 2*k, 4*n + 22 = -2*k. What are the prime factors of 5*(k - 51/(-15))?
2
Suppose -h - 10 = -5*p, 1 + 7 = 4*p - 5*h. Suppose 14 = -3*q + 2*o - p, -3*q + 5*o = 13. Let s(w) = w**3 + 5*w**2 - 8*w - 7. What are the prime factors of s(q)?
5
Let q(r) = r**2 - 7*r + 9. Let j = 0 + 6. List the prime factors of q(j).
3
Suppose 3*r + 0*r = -54. Let q = r + 36. What are the prime factors of q?
2, 3
What are the prime factors of 1284/44 - 6/33?
29
Suppose x + 4*i = -9, 2*x + 0*i + 2*i = -12. Let j(z) = z + z**3 - z**2 + 7*z**2 - 3 + 0*z**3. List the prime factors of j(x).
17
Let t = -189 + 565. What are the prime factors of t?
2, 47
Suppose -4*v - 6 = 3*n + 11, -5*v = n + 24. Let d(z) = -2 + z**2 + 2*z - 2 - n. What are the prime factors of d(-4)?
3
Suppose 0 = -w - 0 + 4. Suppose x - 2*f = 12, 0 = -w*x - 2*f - 3*f - 4. What are the prime factors of x?
2
Let i = 391 - 98. What are the prime factors of i?
293
Let r(s) = s + 5. Let l be r(9). Let p = l - -10. List the prime factors of p.
2, 3
Let x = 31 - -18. What are the prime factors of x?
7
Suppose 0 = -u - u + 12. Suppose 0 = -4*n + c + u, -4 = 3*c - 5*c. What are the prime factors of n?
2
Let j = 4 - 1. Suppose -3 = x + 4*w - 1, 0 = -5*x + j*w + 105. List the prime factors of x.
2, 3
Suppose 0 = 2*n - 3*c - 3, n - 18 = -0*n - 4*c. Let z = 2 - n. Let j(m) = m**2 + 4*m + 6. What are the prime factors of j(z)?
2, 3
Let c(h) be the second derivative of h**6/144 - h**5/40 + h**4/4 - 4*h. Let d(p) be the third derivative of c(p). List the prime factors of d(3).
2, 3
Let r = -69 - -120. List the prime factors of r.
3, 17
Suppose -6*q + 4*n + 6 = -q, 0 = -5*q - 3*n - 22. Let m = 6 - -3. What are the prime factors of m/q*(-1 + -1)?
3
Let z be 2/8 - (-55)/20. Let c(y) = y**2 - y - 1. What are the prime factors of c(z)?
5
Let m(g) = 3*g - 1. Let c be m(-2). Let y(q) = -q - 4. List the prime factors of y(c).
3
Let c = -11 - -17. Let a(d) = d + 6. Let w(s) = s + 6. Let u(n) = 3*a(n) - 2*w(n). What are the prime factors of u(c)?
2, 3
Let v = 168 - 43. List the prime factors of v.
5
Let b = 9 - -3. Let r be ((-3)/9)/((-2)/b). Suppose -r*z + 15 = -z. What are the prime factors of z?
3, 5
Let i(b) = b**2 - 4*b + 3. Let a be i(3). Suppose 0 = -a*n + n - 16. List the prime factors of n.
2
Suppose -u + 224 = 3*u. List the prime factors of u.
2, 7
Suppose -45 = -4*m + c, -4 = 2*c + 2*c. Suppose 0 = q - 2*s + 9, -3*q - q + 3*s = m. Suppose 5*d - 9 = q. List the prime factors of d.
2
Let a = -4 + 6. Suppose -a*o - 3*o = 0. Suppose -10 = -o*d - 2*d. What are the prime factors of d?
5
Suppose -4*t + 3*j - 2*j = 13, 5*t + 2*j = 0. Let p = -4 - t. Let f = p - -5. What are the prime factors of f?
3
Let b(k) = 25*k - 12. List the prime factors of b(5).
113
Let d be 12/9 - (-4)/6. Suppose d*s - 7*s = -30. What are the prime factors of s?
2, 3
Let x(j) = 2*j**2 - 12*j + 28. List the prime factors of x(12).
2, 43
Let r(p) = 3*p - 9. Let a be (-1)/(-4) - 63/(-4). Let q = a + -9. What are the prime factors of r(q)?
2, 3
Let w(k) = 0*k**2 + 8*k + k**3 - 6*k**2 - 3*k**2. Let t be w(8). Suppose -4*h + 2*h + 20 = t. List the prime factors of h.
2, 5
Suppose 2*u + 4 = 5*y - 2*y, -5*y + 11 = u. Suppose -12 = -4*h + 48. Suppose -t - h = -y*t. What are the prime factors of t?
3, 5
Let f(b) = b**2 + 1. Let d be f(-1). Let t(i) = 5*i**2 + 3*i - 2. List the prime factors of t(d).
2, 3
Let t = 34 + -14. Suppose -d - t = -3*d. What are the prime factors of d?
2, 5
Suppose 3*s = 644 - 20. List the prime factors of s.
2, 13
Let c(p) = 5*p**3 + 2*p**2 - 2*p + 1. Let v(j) be the first derivative of j**2/2 - 3*j - 1. Let d be v(4). List the prime factors of c(d).
2, 3
Suppose 0 = -4*t + 3*q - 3, 3*q = 2*t + 3*t. Suppose 89 - 13 = 4*d + 4*r, d = t*r + 27. What are the prime factors of 2/8 + d/12?
2
Let d(q) = -q**2 + 5*q. Let z be d(4). What are the prime factors of z*-1*38/(-8)?
19
Let b(u) = u**3 + 6*u**2 - 6*u + 2. Suppose -3*v = 3*y + 21, 27 = v - 6*v + 3*y. List the prime factors of b(v).
2, 19
Let u = -2 + 5. Suppose -s - 6 = -d + 8, d - 26 = -u*s. What are the prime factors of d?
17
Let n be -2 - 20/(-6)*9. Let h = n - 14. What are the prime factors of h?
2, 7
Suppose -1 = u - 3*u + w, -w - 1 = 0. Suppose 2*m - 4*m + 48 = u. What are the prime factors of m?
2, 3
Suppose 16*j - 598 = 14*j. What are the prime factors of j?
13, 23
Suppose 2*h = -0*h + 44. Suppose -65 = -5*t - 5*x, 0 = 5*t - 0*x + 2*x - 59. List the prime factors of (-4)/h + 46/t.
2
Suppose 0 = -4*i + 4*s + 1013 - 333, 155 = i + 2*s. List the prime factors of i.
3, 5, 11
Suppose -v + 5*o - 10 = 0, 5*v + 4*o + 64 = v. Let r = -29 - v. What are the prime factors of r/(-6) + (-1)/3?
2
Let f = 15 - -15. List the prime factors of f.
2, 3, 5
Let a = 15 - 7. Suppose -a + 70 = 2*x. List the prime factors of x.
31
Let s(x) = x**2 - x. Let n be s(-2). Suppose -n - 1 = z. Let p = z - -12. What are the prime factors of p?
5
Let n(r) = -r**3. Let f be n(0). Suppose f = -4*w + 175 - 43. What are the prime factors of w?
3, 11
Let a(u) = -u**3 + 3*u**2 + 6*u - 2. Let b be a(4). Suppose q - 37 = 4*i, 3*i + 23 = q + b*i. What are the prime factors of q?
29
Let z(o) = 5*o**3 - o**2 - o + 1. Let f be z(1). Suppose -95 = -f*s - s. List the prime factors of s.
19
Suppose 4*l + 2*i - 26 = 0, -6*i + 2*i + 16 = -l. Suppose 0 = -n - 0*n + l. What are the prime factors of n?
2
List the prime factors of (-9)/(-12) - 1443/(-12).
11
Let b = 99 - 48. List the prime factors of b.
3, 17
Let d(g) = g**3 + 9*g**2 - 11*g - 8. Let a be d(-10). Suppose 0*j - 96 = -a*j. What are the prime factors of j?
2, 3
Suppose -2*m = -6*m + 4. Suppose -y - 5*d - 7 = 0, -d = 5*y - 12 - m. What are the prime factors of y?
3
Let k be 1*(0 - (-1 - 2)). Let z be (12/15)/((-4)/80). What are the prime factors of (z/(-6) + -2)*k?
2
Suppose 4*p = 2*k + 6, 5*p + 4*k + k - 45 = 0. Suppose p*q + d = -d + 38, 3*q + 3*d = 27. What are the prime factors of q?
2, 5
Suppose -2*p + 22 = -5*k, 0 = -p - 2*k + 19 + 1. What are the prime factors of p?
2
Let o(l) = l**3 - 7*l - l**2 - 6*l**2 + 3*l**2 + 9 - l**2. Let u be o(6). Suppose u*v + 42 = 6*v. List the prime factors of v.
2, 7
Suppose -5*c - 2*v + 210 = 0, c + 60 = 2*c + 4*v. Let p = 26 - c. Let d = 22 + p. List the prime factors of d.
2
Let u = -4 - -6. Let n be (-1)/5 + u/10. Suppose n*g + g = 10. What are the prime factors of g?
2, 5
Let w = 20 + -12. Suppose -8 - w = -4*j. What are the prime factors of j?
2
Suppose 0 = -2*z + 83 + 43. What are the prime factors of z?
3, 7
Let p = -7 + 30. What are the prime factors of p?
23
Let j = -10 - -8. What are the prime factors of 2/(j/(-3)) + 12?
3, 5
Let p(g) = 24*g - 3. Let q be p(2). Suppose -4*a - q = a. Let s = a - -17. What are the prime factors of s?
2
What are the prime factors of 47/3 + 6/18?
2
Suppose -n = n - 4. Suppose 20 = -y + 3*v + n*v, -3*v = -3*y - 12. Suppose 3*i + 2*i - 30 = y. What are the prime factors of i?
2, 3
Suppose -4*n + 16 - 4 = 0. Suppose n*k = -k + 100. What are the prime factors of k?
5
Let s(n) = 3*n**2 + 5*n + 5. What are the prime factors of s(-4)?
3, 11
Suppose 4*i = -8 - 4. Let b be (8/(-20))/(i/300). Suppose 7*y = 2*y + b. List the prime factors of y.
2
Suppose 0 = 3*c - 5*c + 5*v - 54, -5*v = 3*c + 56. Let p = -4 - c. What are the prime factors of p?
2, 3
Let o = 117 + 68. List the prime factors of o.
5, 37
Let i(h) be the third derivative of -1/6*h**3 + 1/12*h**4 + 3/20*h**5 + 0*h - h**2 + 0. What are the prime factors of i(1)?
2, 5
Let a(n) = -9*n - 2. Let z be a(-4). Suppose 5*p = z + 66. What are the prime factors of p?
2, 5
List the prime factors of ((-4)/6)/((-1)/18).
2, 3
Let h be (-2)/2 - (-105 - 2). Suppose -5*s = -24 - h. What are the prime factors of s?
2, 13
Let z = 2 + 0. Suppose 0 = -s + 3*s + p - 4, z*s - p = 8. List the prime factors of s.
3
Suppose -b + 35 = 5*h, -2*b + 3*h + 39 = -18. List the pri